
2, 87572869
List the prime factors of 204015050.
2, 5, 4080301
What are the prime factors of 626863452?
2, 3, 2417, 21613
List the prime factors of 1189444892.
2, 131, 173, 13121
List the prime factors of 398429053.
11, 151, 239873
What are the prime factors of 129875134?
2, 971, 66877
What are the prime factors of 225658357?
17, 1021, 13001
What are the prime factors of 9728675?
5, 11, 17, 2081
List the prime factors of 28910709.
3, 29, 36923
What are the prime factors of 563094406?
2, 7, 73, 550973
What are the prime factors of 60594859?
13, 193, 24151
List the prime factors of 2812025174.
2, 7, 200858941
What are the prime factors of 141590340?
2, 3, 5, 786613
List the prime factors of 212110952.
2, 541, 49009
List the prime factors of 823906.
2, 23, 17911
What are the prime factors of 510907343?
47, 10870369
What are the prime factors of 403771303?
13, 31059331
What are the prime factors of 31704733?
2803, 11311
List the prime factors of 32118973.
131, 245183
What are the prime factors of 338734979?
11, 17, 89, 20353
List the prime factors of 2168743551.
3, 13, 55608809
What are the prime factors of 1039741900?
2, 5, 10397419
What are the prime factors of 117230658?
2, 3, 19538443
What are the prime factors of 192885318?
2, 3, 10715851
List the prime factors of 2663876.
2, 19, 35051
What are the prime factors of 9412019?
1511, 6229
What are the prime factors of 60785057?
60785057
List the prime factors of 1262214509.
1262214509
What are the prime factors of 1819918507?
11, 83, 1993339
What are the prime factors of 281513876?
2, 7, 10054067
What are the prime factors of 573736268?
2, 7, 271, 75611
What are the prime factors of 1337038079?
13, 102849083
List the prime factors of 1399403317.
13, 3769
What are the prime factors of 21618452?
2, 449, 12037
What are the prime factors of 763493610?
2, 3, 5, 11, 2313617
What are the prime factors of 5014446457?
4283, 1170779
What are the prime factors of 1008256871?
41, 71, 346361
List the prime factors of 2113103021.
2113103021
List the prime factors of 309494891.
309494891
List the prime factors of 467638185.
3, 5, 7, 23, 83, 2333
What are the prime factors of 796118869?
7, 13, 61, 143419
List the prime factors of 1936130853.
3, 1409, 458039
What are the prime factors of 208554075?
3, 5, 79, 3911
List the prime factors of 45196595.
5, 9039319
List the prime factors of 295458876.
2, 3, 8207191
What are the prime factors of 2535529091?
31, 81791261
What are the prime factors of 539294990?
2, 5, 13, 83, 151, 331
List the prime factors of 339471352.
2, 11, 23, 179, 937
What are the prime factors of 3590058089?
37, 43, 2256479
What are the prime factors of 1061373055?
5, 212274611
List the prime factors of 2132722412.
2, 19, 1063, 26399
What are the prime factors of 28542803?
179, 159457
What are the prime factors of 5903541036?
2, 3, 43, 359, 3541
What are the prime factors of 140031895?
5, 419, 66841
List the prime factors of 22819156.
2, 5704789
What are the prime factors of 2502702?
2, 3, 163, 853
What are the prime factors of 110697093?
3, 13, 43, 22003
List the prime factors of 418266115.
5, 83653223
List the prime factors of 248317926.
2, 3, 41386321
List the prime factors of 750787056.
2, 3, 579311
List the prime factors of 72021319.
127, 567097
What are the prime factors of 469625549?
193, 2433293
List the prime factors of 43309200.
2, 3, 5, 11, 17, 193
List the prime factors of 45332331.
3, 11, 53, 25919
What are the prime factors of 12907758?
2, 3, 2151293
What are the prime factors of 36884701?
7, 251, 2999
List the prime factors of 143588054.
2, 19, 487, 7759
What are the prime factors of 515102519?
389, 1324171
List the prime factors of 301302122.
2, 11, 421, 32531
List the prime factors of 125108078.
2, 47, 97, 13721
List the prime factors of 1015316891.
17, 59724523
List the prime factors of 72052830.
2, 3, 5, 800587
What are the prime factors of 1277697573?
3, 29, 79, 61967
List the prime factors of 77922388.
2, 19480597
List the prime factors of 105165807.
3, 163, 215063
List the prime factors of 60612818.
2, 7, 4329487
List the prime factors of 47963299.
97, 643, 769
What are the prime factors of 963087863?
127, 619, 12251
What are the prime factors of 155110270?
2, 5, 7, 29, 109, 701
List the prime factors of 104289136.
2, 7, 931153
What are the prime factors of 19708990?
2, 5, 7, 281557
List the prime factors of 1987382847.
3, 29, 22843481
What are the prime factors of 15904671?
3, 5301557
What are the prime factors of 31757681?
103, 308327
What are the prime factors of 385189891?
191, 1307, 1543
What are the prime factors of 65041807?
19, 181, 18913
What are the prime factors of 281456966?
2, 7, 109, 184441
What are the prime factors of 602005492?
2, 11, 31, 40123
List the prime factors of 174956556.
2, 3, 89, 107, 1531
List the prime factors of 117838139.
117838139
List the prime factors of 402276235.
5, 80455247
What are the prime factors of 340308862?
2, 701, 242731
List the prime factors of 688789489.
509, 1353221
List the prime factors of 30216797.
13, 293, 7933
What are the prime factors of 36186615?
3, 5, 268049
List the prime factors of 762318091.
762318091
List the prime factors of 356984387.
139, 2568233
List the prime factors of 45583576.
2, 257, 22171
What are the prime factors of 1359917515?
5, 11, 157, 157489
What are the prime factors of 2262734392?
2, 31, 677, 13477
What are the prime factors of 91599249?
3, 7, 571, 7639
List the prime factors of 142700426.
2, 11, 2239, 2897
List the prime factors of 265069685.
5, 31, 1117, 1531
List the prime factors of 6404064971.
31, 206582741
List the prime factors of 115309140.
2, 3, 5, 1921819
What are the prime factors of 36912662?
2, 43, 429217
What are the prime factors of 2208632599?
19, 116243821
List the prime factors of 1025104940.
2, 5, 23, 59, 107, 353
What are the prime factors of 394818964?
2, 98704741
List the prime factors of 10156222.
2, 19, 241, 1109
List the prime factors of 513454129.
683, 751763
What are the prime factors of 596785348?
2, 67, 2226811
List the prime factors of 50775312.
2, 3, 7, 349, 433
List the prime factors of 685372056.
2, 3, 31, 921199
List the prime factors of 364856992.
2, 17, 670693
List the prime factors of 121700924.
2, 2909, 10459
What are the prime factors of 4256075346?
2, 3, 73, 1847, 5261
What are the prime factors of 6228300938?
2, 257, 12117317
What are the prime factors of 96939543?
3, 313, 103237
List the prime factors of 2248617976.
2, 11, 25552477
What are the prime factors of 238657597?
41, 5820917
List the prime factors of 123022531.
157, 487, 1609
What are the prime factors of 1177063807?
1993, 590599
List the prime factors of 25647541.
25647541
List the prime factors of 1376660650.
2, 5, 379, 72647
What are the prime factors of 681804668?
2, 170451167
List the prime factors of 71098147.
823, 86389
List the prime factors of 20861618.
2, 17, 613577
List the prime factors of 793930790.
2, 5, 23, 3451873
What are the prime factors of 497095488?
2, 3, 287671
List the prime factors of 250404574.
2, 7, 397, 45053
What are the prime factors of 85033033?
397, 214189
List the prime factors of 32205826.
2, 83, 131, 1481
List the prime factors of 29003394.
2, 3, 7, 17, 829
What are the prime factors of 271770551?
13, 17, 1229731
What are the prime factors of 2371899456?
2, 3, 1372627
What are the prime factors of 72903644?
2, 11, 1656901
List the prime factors of 152414745.
3, 5, 7, 207367
List the prime factors of 251055373.
23, 1153, 9467
List the prime factors of 131599783.
7, 1993, 9433
What are the prime factors of 12716215?
5, 97, 157, 167
List the prime factors of 19807202.
2, 31, 167, 1913
What are the prime factors of 1347894884?
2, 7, 19, 59, 42943
What are the prime factors of 46039837?
47, 967, 1013
List the prime factors of 4662891444.
2, 3, 17, 227, 100693
What are the prime factors of 5644871036?
2, 7, 7187, 28051
What are the prime factors of 1711721276?
2, 167, 577, 4441
What are the prime factors of 421465602?
2, 3, 70244267
List the prime factors of 36302081.
36302081
List the prime factors of 20409008.
2, 1275563
List the prime factors of 153662046.
2, 3, 25610341
What are the prime factors of 298697021?
7, 17, 23, 109133
What are the prime factors of 8